{"id":1488,"date":"2022-07-05T12:32:59","date_gmt":"2022-07-05T10:32:59","guid":{"rendered":"https:\/\/edinsbegravningsbyra.se\/?page_id=1488"},"modified":"2025-06-30T16:38:18","modified_gmt":"2025-06-30T14:38:18","slug":"omdomen","status":"publish","type":"page","link":"https:\/\/edinsbegravningsbyra.se\/index.php\/omdomen\/","title":{"rendered":"Omd\u00f6men"},"content":{"rendered":"\t\t<div data-elementor-type=\"wp-page\" data-elementor-id=\"1488\" class=\"elementor elementor-1488\" data-elementor-post-type=\"page\">\n\t\t\t\t\t\t<section class=\"elementor-section elementor-top-section elementor-element elementor-element-7c2230c elementor-section-boxed elementor-section-height-default elementor-section-height-default\" data-id=\"7c2230c\" data-element_type=\"section\" data-settings=\"{&quot;background_background&quot;:&quot;classic&quot;}\">\n\t\t\t\t\t\t<div class=\"elementor-container elementor-column-gap-default\">\n\t\t\t\t\t<div class=\"elementor-column elementor-col-100 elementor-top-column elementor-element elementor-element-26d1bdee\" data-id=\"26d1bdee\" data-element_type=\"column\">\n\t\t\t<div class=\"elementor-widget-wrap elementor-element-populated\">\n\t\t\t\t\t\t<div class=\"elementor-element elementor-element-45fbeb8c elementor-widget__width-initial elementor-widget-mobile__width-initial elementor-widget elementor-widget-text-editor\" data-id=\"45fbeb8c\" data-element_type=\"widget\" data-widget_type=\"text-editor.default\">\n\t\t\t\t<div class=\"elementor-widget-container\">\n\t\t\t\t\t\t\t\t\t<p><\/p>\n<div dir=\"ltr\" style=\"caret-color: #212121; color: #212121; font-family: Aptos; text-align: start;\">\n<p style=\"margin: 0px; font-stretch: normal; font-size: 17px; line-height: normal; font-size-adjust: none; font-kerning: auto; font-variant-alternates: normal; font-variant-numeric: normal; font-variant-east-asian: normal; font-feature-settings: normal;\">&#8221;Vi kan varmt rekommendera Petter och Edins Begravningsbyr\u00e5, som bist\u00e5tt med professionell hj\u00e4lp och st\u00f6d, alltid med en h\u00f6g tillg\u00e4nglighet, lyh\u00f6rdhet och medk\u00e4nsla. Stort, varmt och innerligt tack!&#8221;<\/p><p style=\"margin: 0px; font-stretch: normal; font-size: 17px; line-height: normal; font-size-adjust: none; font-kerning: auto; font-variant-alternates: normal; font-variant-numeric: normal; font-variant-east-asian: normal; font-feature-settings: normal;\"><br><\/p>\n<p style=\"margin: 0px; font-stretch: normal; font-size: 17px; line-height: normal; font-size-adjust: none; font-kerning: auto; font-variant-alternates: normal; font-variant-numeric: normal; font-variant-east-asian: normal; font-feature-settings: normal;\"><em>&#8211; Malte, Johan och Anna med familjer&nbsp;<\/em><\/p>\n<p style=\"margin: 0px; font-stretch: normal; font-size: 17px; line-height: normal; font-size-adjust: none; font-kerning: auto; font-variant-alternates: normal; font-variant-numeric: normal; font-variant-east-asian: normal; font-feature-settings: normal;\"><em>&nbsp;<\/em><\/p>\n<p style=\"margin: 0px; font-stretch: normal; font-size: 17px; line-height: normal; font-size-adjust: none; font-kerning: auto; font-variant-alternates: normal; font-variant-numeric: normal; font-variant-east-asian: normal; font-feature-settings: normal;\"><em>&nbsp;<\/em><\/p>\n<p><\/p>\n<p>&#8221;Vi \u00e4r s\u00e5 tacksamma f\u00f6r Petters hj\u00e4lp med allt praktiskt i samband med begravning o allt runtomkring. Petter har en unik f\u00f6rm\u00e5ga att lyssna in men \u00e4ven komma med egna f\u00f6rslag. Han kombinerar ett proffesionellt omh\u00e4ndertagande med mycket empati. Man k\u00e4nner sig s\u00e5 trygg. Han spelar o sjunger dessutom fantastiskt bra.<br>Begravning och minnesstund blev till ett s\u00e5nt fint minne f\u00f6r oss o vi kan varmt rekommendera Edins Begravningsbyr\u00e5!<br>Tack Petter!&#8221;<\/p>\n<p><span style=\"color: #000000;\"><em>&#8211; Anette, Klas o Emil Josefsson med familjer<\/em><\/span><\/p>\n<p><span style=\"color: #000000;\"><em>&nbsp;<\/em><\/span><\/p>\n<p style=\"text-align: left;\"><span style=\"color: #000000;\">&#8221;Stort tack f\u00f6r all hj\u00e4lp med begravning och bouppteckning. Vi \u00e4r mycket n\u00f6jda och kan varmt rekommendera Petter p\u00e5 Edins Begravningsbyr\u00e5.&#8221;<\/span><\/p>\n<p style=\"text-align: left;\"><span style=\"color: #000000;\"><em>&#8211; Elsie, Inger och Annika<\/em><\/span><\/p>\n<p style=\"text-align: left;\"><span style=\"color: #000000;\"><em>&nbsp;<\/em><\/span><\/p>\n<p style=\"text-align: left;\"><span style=\"color: #000000;\"><span style=\"font-size: 1rem;\">&#8221;Petter \u00e4r v\u00e4ldigt tillm\u00f6tesg\u00e5ende, v\u00e4rdig och professionell. Lyssnar och svarar n\u00e4r som helst p\u00e5 dygnet n\u00e4r vi beh\u00f6vt st\u00f6d och uppmuntran. <\/span><span style=\"font-size: 1rem;\">Tusen tack f\u00f6r hj\u00e4lpen med begravning och bouppteckning! Du har r\u00e4ddat v\u00e5ran familj. Rekommenderar Petter starkt.&#8221;<\/span><\/span><\/p>\n<\/div>\n<p style=\"text-align: left;\"><span style=\"color: #000000;\"><em>&#8211; Emy, Emma, Kasper, Pia<\/em><\/span><\/p>\n<p style=\"text-align: left;\"><span style=\"color: #000000;\"><em>&nbsp;<\/em><\/span><\/p>\n<p style=\"text-align: left;\"><span style=\"font-size: 1rem; color: #000000;\">&#8221;Vi \u00e4r mycket tacksamma f\u00f6r allt engagemang och st\u00f6d Petter gav oss vid begravningen. Petter \u00e4r duktig p\u00e5 att lyssna in och&nbsp; hj\u00e4lpsam med egna kloka f\u00f6rslag. Allt praktiskt togs omhand av Petter och dessutom sj\u00f6ng och spelade han v\u00e4ldigt vackert under begravningsgudstj\u00e4nsten. Bouppteckningen gjorde Petter noggrant och snabbt. Vi vill varmt rekommendera Edins begravningsbyr\u00e5 och s\u00e4ga tack till dig Petter.&#8221;<\/span><\/p>\n<p style=\"text-align: left;\"><span style=\"color: #000000;\"><em>&#8211; Ingeborgs familj<\/em><\/span><\/p>\n<p style=\"text-align: left;\"><span style=\"color: #000000;\"><em>&nbsp;<\/em><\/span><\/p>\n<p style=\"text-align: left;\"><span style=\"font-size: 1rem; color: #000000;\">&#8221;Petter har gjort ett mycket fint arbete med allt det praktiska i samband med begravningen av v\u00e5r mamma Ingrid Norrbom, s\u00e5 vi kan varmt rekommendera att ni anlitar honom! F\u00f6rutom att Petter varit professionell i sin yrkesroll s\u00e5 var det extra personligt n\u00e4r han erbj\u00f6d sig att sjunga och samtidigt spela ett valt musikstycke.&#8221;<\/span><\/p>\n<p style=\"text-align: left;\"><span style=\"color: #000000;\"><em>\u2013 Jonas och Anders<\/em><\/span><\/p>\n<p style=\"text-align: left;\"><span style=\"color: #000000;\"><em>&nbsp;<\/em><\/span><\/p>\n<p style=\"text-align: left;\"><span style=\"color: #000000;\">\u201dPetter och Edins Begravningsbyr\u00e5 har varit till extremt stor hj\u00e4lp under mammas begravning och allt runt omkring. Petter \u00e4r v\u00e4ldigt trevlig och v\u00e4ldigt hj\u00e4lpsam. Hade man en fr\u00e5ga s\u00e5 kunde man direkt skriva och fick svar strax efter. Petter kan verkligen b\u00e5de spela och sjunga v\u00e4ldigt fint. Det \u00e4r ett stort plus. En stor positiv sak \u00e4r att Petter \u00e4r v\u00e4ldigt lugn och stressar inte, han f\u00f6rklarar saker p\u00e5 ett bra s\u00e4tt. Vi 3 syskon&nbsp; rekommenderar starkt Petter och Edins Begravningsbyr\u00e5.\u201d<\/span><\/p>\n<p style=\"text-align: left;\"><span style=\"color: #000000;\"><em>\u2013 Natanael Nilsson, Benjamin Nilsson <\/em><em>och Mirjam Rubensson<\/em><\/span><\/p>\n<p style=\"text-align: left;\"><span style=\"color: #000000;\"><em>&nbsp;&nbsp;<\/em><\/span><\/p>\n<p style=\"text-align: left;\"><span style=\"color: #000000;\">&#8221;Vid begravningen av b\u00e5de v\u00e5r far och nu senast v\u00e5r mor har vi anlitat Petter och Edins Begravningsbyr\u00e5. Petter har hj\u00e4lpt oss igenom de h\u00e4r sv\u00e5ra stunderna med d\u00f6dsannons, begravning, minnesstund och allt annat d\u00e4r omkring liksom \u00e4ven bouppteckning. Petter har bem\u00f6tt oss p\u00e5 ett professionellt, v\u00e4rdigt, v\u00e4nligt och samtidigt p\u00e5 ett mycket personligt s\u00e4tt. Han har guidat oss s\u00e5 att begravningen blev som familjen \u00f6nskade med st\u00f6d och goda r\u00e5d p\u00e5 v\u00e4gen. Att Petter ocks\u00e5 kan sjunga och spela fint under begravningen \u00e4r tacksamt och ett stort plus.&nbsp;Vi anlitar g\u00e4rna Edins Begravningsbyr\u00e5 n\u00e4sta g\u00e5ng igen, men hoppas samtidigt att det inte beh\u00f6vs, i alla fall inte de n\u00e4rmaste \u00e5ren. Stort tack Petter!&#8221;<\/span><\/p>\n<p style=\"text-align: left;\"><span style=\"color: #000000;\"><em>&#8211; Tomas, J\u00f6rgen och Torbj\u00f6rn Hurtig<\/em><\/span><\/p>\n<p style=\"text-align: left;\"><span style=\"color: #000000;\"><em>&nbsp;<\/em><\/span><\/p>\n<p style=\"text-align: left;\"><span style=\"color: #000000;\">&#8221;Att v\u00e4lja Petter som begravningsentrepren\u00f6r k\u00e4ndes sj\u00e4lvklart, efter att ha tr\u00e4ffat honom i samband med flera andra begravningar (b\u00e5de kristna och muslimska). Petter har en lyh\u00f6rdhet och empati som g\u00f6r att man k\u00e4nner sig sedd och f\u00f6rst\u00e5dd i en situation som \u00e4r sv\u00e5r f\u00f6r de efterlevande. Han har ocks\u00e5 en gedigen erfarenhet som kommer v\u00e4l till pass d\u00e5 han p\u00e5 ett ink\u00e4nnande och f\u00f6rsynt s\u00e4tt ger hj\u00e4lp, r\u00e5d och guidning f\u00f6re, under och efter begravningen.&#8221;<\/span><\/p>\n<p style=\"text-align: left;\"><span style=\"color: #000000;\">&nbsp;&nbsp;<em>&#8211; Karl-Gustav Johanssons anh\u00f6riga<\/em><\/span><\/p>\n<p style=\"text-align: left;\"><span style=\"color: #000000;\"><em>&nbsp;<\/em><\/span><\/p>\n<p style=\"text-align: left;\"><span style=\"color: #000000;\">&#8221;Vi kan varmt rekommendera Edins begravningsbyr\u00e5. Petter har lotsat oss genom denna sv\u00e5ra tid med ett v\u00e4nligt, v\u00e4rdigt och professionellt bem\u00f6tande. Avskedet av v\u00e5r \u00e4lskade make\/pappa blev till en fin stund med n\u00e4ra och k\u00e4ra. Fr\u00e5n f\u00f6rsta m\u00f6tet gav han oss v\u00f6rdnadsfull v\u00e4gledning vid planering av begravning, annonser, begravningsakt, minnesstund samt bouppteckning. Stort tack!&#8221;&nbsp;<\/span><\/p>\n<p style=\"text-align: left;\"><span style=\"color: #000000;\">&nbsp;<em>&#8211; Birgitta, Jan och Eva&nbsp;<\/em><\/span><\/p>\n<p style=\"text-align: left;\"><span style=\"color: #000000;\"><em>&nbsp;<\/em><\/span><\/p>\n<p style=\"text-align: left;\"><span style=\"color: #000000;\">&nbsp;&#8221;Det k\u00e4ndes r\u00e4tt att v\u00e4lja Petter f\u00f6r Leilanis begravning. Jag k\u00e4nde mig lugn och trygg med honom och han erbj\u00f6d s\u00e5 mycket hj\u00e4lp som jag beh\u00f6vde. Det var ingen press utan jag fick sj\u00e4lv m\u00f6jligheten att k\u00e4nna efter vad som k\u00e4ndes r\u00e4tt inf\u00f6r varje beslut som skulle fattas. Tack Petter.&#8221;<\/span><\/p>\n<p style=\"text-align: left;\"><span style=\"color: #000000;\"><em>&#8211; Nadia Faraguna<\/em>&nbsp;<\/span><\/p>\n<p style=\"text-align: left;\"><span style=\"color: #000000;\">&nbsp;<span style=\"font-size: 1rem;\">\u201dPetter \u00e4r en erfaren och flexibel begravningsentrepren\u00f6r. Han \u00e4r trevlig, omt\u00e4nksam och noggrann och har ett djupt engagemang. Petter har anlitats f\u00f6r begravningar tidigare i familjekretsen och var ett sj\u00e4lvklart val. M\u00e5nga har uttryckt efter\u00e5t att det blev en fin begravning.&nbsp;Vi \u00e4r j\u00e4tten\u00f6jda!\u201d<\/span><\/span><\/p>\n<p style=\"text-align: left;\"><span style=\"color: #000000;\"><em>\u2013 Mats och Fredrik<\/em><\/span><\/p>\n<p style=\"text-align: left;\"><span style=\"color: #000000;\"><em>&nbsp;<\/em><\/span><\/p>\n<p style=\"text-align: left;\"><span style=\"color: #000000;\">&#8221;Vi fick ett mycket omt\u00e4nksamt och ink\u00e4nnande bem\u00f6tande. Under hela processen fick vi allt det st\u00f6d vi \u00f6nskade i alla fr\u00e5gor. Det gjorde att en jobbig tid i livet \u00e4nd\u00e5 k\u00e4ndes trygg. De gjorde mammas begravning till den finaste. Jag \u00e4r v\u00e4ldigt n\u00f6jd med allt och kan varmt rekommendera Edins Begravningsbyr\u00e5.&#8221;<\/span><\/p>\n<p style=\"text-align: left;\"><span style=\"color: #000000;\"><em>&#8211; Ann-Louise M\u00e5rtensson<\/em><\/span><\/p>\n<p style=\"text-align: left;\"><span style=\"color: #000000;\"><em>&nbsp;<\/em><\/span><\/p>\n<p style=\"text-align: left;\"><span style=\"color: #000000;\">\u201dPetter \u00e4r inte bara en erfaren och hj\u00e4lpsam begravningsentrepren\u00f6r; han \u00e4r en genomgod och st\u00f6ttande person. Han lyssnar, st\u00f6ttar och fr\u00e5gar. B\u00e4sta hj\u00e4lpen jag f\u00e5tt under en v\u00e4ldigt sv\u00e5r tid. S\u00e5 tacksam f\u00f6r allt, det blev precis enligt mina \u00f6nskem\u00e5l.\u201d<\/span><\/p>\n<p style=\"text-align: left;\"><span style=\"color: #000000;\"><em>\u2013 Emma Jonsson<\/em><\/span><\/p>\n<p style=\"text-align: left;\"><span style=\"color: #000000;\"><em>&nbsp;<\/em><\/span><\/p>\n<p style=\"text-align: left;\"><span style=\"color: #000000;\">\u201dVi anlitade Edins Begravningsbyr\u00e5 f\u00f6r att den blev varmt rekommenderad och att den hade kontor i Sm\u00e5landsstenar. Det blev ett positivt m\u00f6te. Petter \u00e4r trevlig, h\u00f6vlig och har en mycket h\u00f6g empati.&nbsp; &nbsp;I en vansklig tid \u00e4r det viktig att bli bem\u00f6tt p\u00e5 ett s\u00e4rskilt s\u00e4tt och d\u00e4r \u00e4r Petter suver\u00e4n. Begravningen blev helt som den var t\u00e4nkt och b\u00e5de f\u00f6re och efter begravningen har vi k\u00e4nt att Petter \u00b4bryr\u00b4 sig om oss. Jag anbefaller Edins Begravningsbyr\u00e5 \u00e5 det varmaste.&#8221;<\/span><\/p>\n<p style=\"text-align: left;\"><span style=\"color: #000000;\">&#8211;&nbsp;<em>Reidun Fredsvold<\/em><\/span><\/p>\n<p style=\"text-align: left;\"><span style=\"color: #000000;\"><em>&nbsp;<\/em><\/span><\/p>\n<p style=\"text-align: left;\"><span style=\"color: #000000;\">&#8221;N\u00e4r nu Margaretas begravning och bouppteckning \u00e4r genomf\u00f6rd vill jag tacka varmt f\u00f6r Petters arbete. Att Petter valdes berodde p\u00e5 att jag var g\u00e4st p\u00e5 en begravning f\u00f6r n\u00e5gra \u00e5r sedan och observerade hur v\u00e4rdigt men \u00e4nd\u00e5 ledigt han genomf\u00f6rde sin del av den kyrkliga akten. Nu kan jag summera att hela processen fr\u00e5n f\u00f6rsta kontakten till det vi tog i hand efter bouppteckningen ocks\u00e5 pr\u00e4glades av lyh\u00f6rdhet, noggrannhet och tydlighet i alla sm\u00e5 och stora detaljer. Det kunde handla om allt fr\u00e5n minnesstundens lekamliga fr\u00e5gor till&nbsp; livs\u00e5sk\u00e5dningens betydelse f\u00f6r begravningsakten. Stort tack Petter!&#8221;<\/span><\/p>\n<p style=\"text-align: left;\"><span style=\"color: #000000;\"><em>&#8211; Bertil Brod\u00e9n<\/em><\/span><\/p>\n<p style=\"text-align: left;\"><span style=\"color: #000000;\"><em>&nbsp;<\/em><\/span><\/p>\n<p style=\"text-align: left;\"><span style=\"color: #000000;\">&#8221;Vi fick ett mycket omt\u00e4nksamt och empatiskt bem\u00f6tande. Under hela processen fick vi allt det st\u00f6d vi \u00f6nskade i alla fr\u00e5gor. Det gjorde att vi i en jobbig tid k\u00e4nde oss trygga att allt skulle tas hand om. Det gjorde pappas begravning till ett mycket vackert sista farv\u00e4l. Vi \u00e4r v\u00e4ldigt n\u00f6jda med allt och kan varmt rekommendera Edins begravningsbyr\u00e5.&#8221;<\/span><\/p>\n<p style=\"text-align: left;\"><span style=\"color: #000000;\">\u2013&nbsp;<em>Tom och Gary Frank<\/em><\/span><\/p>\n<p style=\"text-align: left;\">\n<\/p>\t\t\t\t\t\t\t\t<\/div>\n\t\t\t\t<\/div>\n\t\t\t\t\t<\/div>\n\t\t<\/div>\n\t\t\t\t\t<\/div>\n\t\t<\/section>\n\t\t\t\t<\/div>\n\t\t","protected":false},"excerpt":{"rendered":"<p>&#8221;Vi kan varmt rekommendera Petter och Edins Begravningsbyr\u00e5, som bist\u00e5tt med professionell hj\u00e4lp och st\u00f6d, alltid med en h\u00f6g tillg\u00e4nglighet, lyh\u00f6rdhet och medk\u00e4nsla. Stort, varmt och innerligt tack!&#8221; &#8211; Malte, Johan och Anna med familjer&nbsp; &nbsp; &nbsp; &#8221;Vi \u00e4r s\u00e5 tacksamma f\u00f6r Petters hj\u00e4lp med allt praktiskt i samband med begravning o allt runtomkring. Petter [&hellip;]<\/p>\n","protected":false},"author":2,"featured_media":0,"parent":0,"menu_order":0,"comment_status":"closed","ping_status":"closed","template":"","meta":{"footnotes":""},"class_list":["post-1488","page","type-page","status-publish","hentry"],"_links":{"self":[{"href":"https:\/\/edinsbegravningsbyra.se\/index.php\/wp-json\/wp\/v2\/pages\/1488","targetHints":{"allow":["GET"]}}],"collection":[{"href":"https:\/\/edinsbegravningsbyra.se\/index.php\/wp-json\/wp\/v2\/pages"}],"about":[{"href":"https:\/\/edinsbegravningsbyra.se\/index.php\/wp-json\/wp\/v2\/types\/page"}],"author":[{"embeddable":true,"href":"https:\/\/edinsbegravningsbyra.se\/index.php\/wp-json\/wp\/v2\/users\/2"}],"replies":[{"embeddable":true,"href":"https:\/\/edinsbegravningsbyra.se\/index.php\/wp-json\/wp\/v2\/comments?post=1488"}],"version-history":[{"count":432,"href":"https:\/\/edinsbegravningsbyra.se\/index.php\/wp-json\/wp\/v2\/pages\/1488\/revisions"}],"predecessor-version":[{"id":3290,"href":"https:\/\/edinsbegravningsbyra.se\/index.php\/wp-json\/wp\/v2\/pages\/1488\/revisions\/3290"}],"wp:attachment":[{"href":"https:\/\/edinsbegravningsbyra.se\/index.php\/wp-json\/wp\/v2\/media?parent=1488"}],"curies":[{"name":"wp","href":"https:\/\/api.w.org\/{rel}","templated":true}]}}