{"id":286,"date":"2021-02-24T17:55:53","date_gmt":"2021-02-24T16:55:53","guid":{"rendered":"http:\/\/edinsbegravningsbyra.se\/?page_id=286"},"modified":"2023-09-15T12:58:52","modified_gmt":"2023-09-15T10:58:52","slug":"begravningsordningar","status":"publish","type":"page","link":"https:\/\/edinsbegravningsbyra.se\/index.php\/begravningsordningar\/","title":{"rendered":"Begravningsordningar"},"content":{"rendered":"\t\t<div data-elementor-type=\"wp-page\" data-elementor-id=\"286\" class=\"elementor elementor-286\" data-elementor-post-type=\"page\">\n\t\t\t\t\t\t<section class=\"elementor-section elementor-top-section elementor-element elementor-element-4c3b04be elementor-section-boxed elementor-section-height-default elementor-section-height-default\" data-id=\"4c3b04be\" data-element_type=\"section\" data-settings=\"{&quot;background_background&quot;:&quot;classic&quot;}\">\n\t\t\t\t\t\t\t<div class=\"elementor-background-overlay\"><\/div>\n\t\t\t\t\t\t\t<div class=\"elementor-container elementor-column-gap-default\">\n\t\t\t\t\t<div class=\"elementor-column elementor-col-100 elementor-top-column elementor-element elementor-element-3388f483\" data-id=\"3388f483\" data-element_type=\"column\">\n\t\t\t<div class=\"elementor-widget-wrap elementor-element-populated\">\n\t\t\t\t\t\t<div class=\"elementor-element elementor-element-4b6df2a8 elementor-widget elementor-widget-heading\" data-id=\"4b6df2a8\" data-element_type=\"widget\" data-widget_type=\"heading.default\">\n\t\t\t\t<div class=\"elementor-widget-container\">\n\t\t\t\t\t<h1 class=\"elementor-heading-title elementor-size-default\"><br><br><br>Begravningsordningar<\/h1>\t\t\t\t<\/div>\n\t\t\t\t<\/div>\n\t\t\t\t\t<\/div>\n\t\t<\/div>\n\t\t\t\t\t<\/div>\n\t\t<\/section>\n\t\t\t\t<section class=\"elementor-section elementor-top-section elementor-element elementor-element-567c3cc elementor-section-boxed elementor-section-height-default elementor-section-height-default\" data-id=\"567c3cc\" data-element_type=\"section\">\n\t\t\t\t\t\t<div class=\"elementor-container elementor-column-gap-default\">\n\t\t\t\t\t<div class=\"elementor-column elementor-col-100 elementor-top-column elementor-element elementor-element-f37e5ef\" data-id=\"f37e5ef\" data-element_type=\"column\">\n\t\t\t<div class=\"elementor-widget-wrap elementor-element-populated\">\n\t\t\t\t\t\t<div class=\"elementor-element elementor-element-9cbe273 elementor-widget elementor-widget-text-editor\" data-id=\"9cbe273\" data-element_type=\"widget\" data-widget_type=\"text-editor.default\">\n\t\t\t\t<div class=\"elementor-widget-container\">\n\t\t\t\t\t\t\t\t\t<p style=\"text-align: center;\">Det \u00e4r viktigt att begravningen blir till ett fint och vackert minne f\u00f6r dig som anh\u00f6rig.\u00a0<\/p><p style=\"text-align: center;\">Vi hj\u00e4lper dig att s\u00e5 l\u00e5ngt det \u00e4r m\u00f6jligt anordna begravningen efter de \u00f6nskem\u00e5l som finns.<span style=\"font-size: 16px;\">\u00a0<\/span><\/p><p style=\"text-align: center;\">En begravning kan vara uppbyggd p\u00e5 m\u00e5nga olika s\u00e4tt,\u00a0men alla har efter att man avlidit b\u00e5de r\u00e4tt till att begravas och m\u00e5ste begravas.<\/p><p style=\"text-align: center;\">Oavsett begravningsform \u00e4r Svenska Kyrkan p\u00e5 n\u00e4stan alla orter i Sverige huvudman f\u00f6r begravningsverksamheten.<\/p><p style=\"text-align: center;\">Det inneb\u00e4r att alla, medlem i Svenska Kyrkan eller ej, har r\u00e4tt att f\u00e5 en begravningsplats p\u00e5 en kyrkog\u00e5rd.<\/p><p style=\"text-align: center;\">Det \u00e4r inte i varje enskilt fall m\u00f6jligt att f\u00e5 en plats precis d\u00e4r det \u00f6nskas,\u00a0men Svenska Kyrkan \u00e4r i sig skyldig att erbjuda en.<\/p>\t\t\t\t\t\t\t\t<\/div>\n\t\t\t\t<\/div>\n\t\t\t\t\t<\/div>\n\t\t<\/div>\n\t\t\t\t\t<\/div>\n\t\t<\/section>\n\t\t\t\t<section class=\"elementor-section elementor-top-section elementor-element elementor-element-4ac4d0f9 elementor-section-boxed elementor-section-height-default elementor-section-height-default\" data-id=\"4ac4d0f9\" data-element_type=\"section\">\n\t\t\t\t\t\t<div class=\"elementor-container elementor-column-gap-no\">\n\t\t\t\t\t<div class=\"elementor-column elementor-col-100 elementor-top-column elementor-element elementor-element-18314a02\" data-id=\"18314a02\" data-element_type=\"column\">\n\t\t\t<div class=\"elementor-widget-wrap elementor-element-populated\">\n\t\t\t\t\t\t<section class=\"elementor-section elementor-inner-section elementor-element elementor-element-539b65f4 elementor-section-boxed elementor-section-height-default elementor-section-height-default\" data-id=\"539b65f4\" data-element_type=\"section\">\n\t\t\t\t\t\t<div class=\"elementor-container elementor-column-gap-default\">\n\t\t\t\t\t<div class=\"elementor-column elementor-col-50 elementor-inner-column elementor-element elementor-element-63757c35\" data-id=\"63757c35\" data-element_type=\"column\">\n\t\t\t<div class=\"elementor-widget-wrap elementor-element-populated\">\n\t\t\t\t\t\t<div class=\"elementor-element elementor-element-8d2a1f6 elementor-widget elementor-widget-heading\" data-id=\"8d2a1f6\" data-element_type=\"widget\" data-widget_type=\"heading.default\">\n\t\t\t\t<div class=\"elementor-widget-container\">\n\t\t\t\t\t<h2 class=\"elementor-heading-title elementor-size-medium\">Svenskkyrklig begravningsgudstj\u00e4nst<\/h2>\t\t\t\t<\/div>\n\t\t\t\t<\/div>\n\t\t\t\t<div class=\"elementor-element elementor-element-311ee51d elementor-widget elementor-widget-text-editor\" data-id=\"311ee51d\" data-element_type=\"widget\" data-widget_type=\"text-editor.default\">\n\t\t\t\t<div class=\"elementor-widget-container\">\n\t\t\t\t\t\t\t\t\t<p>Var man i livet medlem Svenska Kyrkan har man sedan ocks\u00e5 r\u00e4tt att begravas d\u00e4r. Begravningsgudstj\u00e4nsten \u00e4ger oftast rum i den lokala kyrkan eller ett lokalt kapell. Svenska Kyrkan st\u00e5r d\u00e5 till f\u00f6rfogande med kyrkorum, pr\u00e4st, kantor och vaktm\u00e4stare. F\u00f6re begravningen sker ett samtal tillsammans med pr\u00e4st.<\/p>\n<p><br><\/p><p><br><\/p>\t\t\t\t\t\t\t\t<\/div>\n\t\t\t\t<\/div>\n\t\t\t\t\t<\/div>\n\t\t<\/div>\n\t\t\t\t<div class=\"elementor-column elementor-col-50 elementor-inner-column elementor-element elementor-element-1a451012\" data-id=\"1a451012\" data-element_type=\"column\">\n\t\t\t<div class=\"elementor-widget-wrap elementor-element-populated\">\n\t\t\t\t\t\t<div class=\"elementor-element elementor-element-53c8dfe elementor-widget elementor-widget-heading\" data-id=\"53c8dfe\" data-element_type=\"widget\" data-widget_type=\"heading.default\">\n\t\t\t\t<div class=\"elementor-widget-container\">\n\t\t\t\t\t<h2 class=\"elementor-heading-title elementor-size-medium\">Frikyrklig begravningsgudstj\u00e4nst<\/h2>\t\t\t\t<\/div>\n\t\t\t\t<\/div>\n\t\t\t\t<div class=\"elementor-element elementor-element-7a3083e8 elementor-widget elementor-widget-text-editor\" data-id=\"7a3083e8\" data-element_type=\"widget\" data-widget_type=\"text-editor.default\">\n\t\t\t\t<div class=\"elementor-widget-container\">\n\t\t\t\t\t\t\t\t\t<p>Begravningsgudstj\u00e4nsten \u00e4ger ofta rum i f\u00f6rsamlingens kyrka. Gudstj\u00e4nsten planeras i samr\u00e5d med officianten, i regel pastor i f\u00f6rsamlingen, samt ofta med \u00f6vriga medverkande.&nbsp; &nbsp; &nbsp; &nbsp; &nbsp; &nbsp; &nbsp; &nbsp; &nbsp; &nbsp; En frikyrklig begravningsgudstj\u00e4nst kan i flera stycken likna en svenskkyrklig, men \u00e4r ofta friare uppbyggd.<\/p>\t\t\t\t\t\t\t\t<\/div>\n\t\t\t\t<\/div>\n\t\t\t\t\t<\/div>\n\t\t<\/div>\n\t\t\t\t\t<\/div>\n\t\t<\/section>\n\t\t\t\t\t<\/div>\n\t\t<\/div>\n\t\t\t\t\t<\/div>\n\t\t<\/section>\n\t\t\t\t<section class=\"elementor-section elementor-top-section elementor-element elementor-element-bf34c73 elementor-section-boxed elementor-section-height-default elementor-section-height-default\" data-id=\"bf34c73\" data-element_type=\"section\">\n\t\t\t\t\t\t<div class=\"elementor-container elementor-column-gap-no\">\n\t\t\t\t\t<div class=\"elementor-column elementor-col-100 elementor-top-column elementor-element elementor-element-281b82c\" data-id=\"281b82c\" data-element_type=\"column\">\n\t\t\t<div class=\"elementor-widget-wrap elementor-element-populated\">\n\t\t\t\t\t\t<section class=\"elementor-section elementor-inner-section elementor-element elementor-element-3b6e395 elementor-section-boxed elementor-section-height-default elementor-section-height-default\" data-id=\"3b6e395\" data-element_type=\"section\">\n\t\t\t\t\t\t<div class=\"elementor-container elementor-column-gap-default\">\n\t\t\t\t\t<div class=\"elementor-column elementor-col-50 elementor-inner-column elementor-element elementor-element-56987c8\" data-id=\"56987c8\" data-element_type=\"column\">\n\t\t\t<div class=\"elementor-widget-wrap elementor-element-populated\">\n\t\t\t\t\t\t<div class=\"elementor-element elementor-element-0fb9f4d elementor-widget elementor-widget-heading\" data-id=\"0fb9f4d\" data-element_type=\"widget\" data-widget_type=\"heading.default\">\n\t\t\t\t<div class=\"elementor-widget-container\">\n\t\t\t\t\t<h2 class=\"elementor-heading-title elementor-size-medium\">Borgerlig begravningsakt<\/h2>\t\t\t\t<\/div>\n\t\t\t\t<\/div>\n\t\t\t\t<div class=\"elementor-element elementor-element-2fa88ee elementor-widget elementor-widget-text-editor\" data-id=\"2fa88ee\" data-element_type=\"widget\" data-widget_type=\"text-editor.default\">\n\t\t\t\t<div class=\"elementor-widget-container\">\n\t\t\t\t\t\t\t\t\t<p>En borgerlig begravningsakt f\u00e5r inte \u00e4ga rum i ett kyrkorum som Svenska Kyrkan f\u00f6rfogar \u00f6ver. Dock \u00e4r Svenska Kyrkan som huvudman skyldig att anvisa en lokal d\u00e4r den borgerliga akten kan h\u00e5llas, vilket oftast \u00e4r ett f\u00f6rsamlingshem p\u00e5 orten.<\/p>\n<p>En borgerlig begravning kan l\u00e4ggas upp med stor frihet beroende p\u00e5 de \u00f6nskem\u00e5l den avlidne sj\u00e4lv haft eller som anh\u00f6rig har. Ofta \u00e4r musikinslag och diktl\u00e4sning viktiga best\u00e5ndsdelar i en borgerlig begravningsakt.<\/p>\n<p>Det enda grundl\u00e4ggande kravet \u00e4r att det inte f\u00e5r f\u00f6rekomma n\u00e5got som strider mor v\u00e4rdigheten och den allvarliga inneb\u00f6rden i det som sker. I \u00f6vrigt \u00e4r det egentligen bara egna tankar som s\u00e4tter gr\u00e4nserna.<\/p><p><br><\/p><p><br><\/p>\t\t\t\t\t\t\t\t<\/div>\n\t\t\t\t<\/div>\n\t\t\t\t\t<\/div>\n\t\t<\/div>\n\t\t\t\t<div class=\"elementor-column elementor-col-50 elementor-inner-column elementor-element elementor-element-165ece1\" data-id=\"165ece1\" data-element_type=\"column\">\n\t\t\t<div class=\"elementor-widget-wrap elementor-element-populated\">\n\t\t\t\t\t\t<div class=\"elementor-element elementor-element-372fd3d elementor-widget elementor-widget-heading\" data-id=\"372fd3d\" data-element_type=\"widget\" data-widget_type=\"heading.default\">\n\t\t\t\t<div class=\"elementor-widget-container\">\n\t\t\t\t\t<h2 class=\"elementor-heading-title elementor-size-medium\">Akt inom annan religion och trossamfund<\/h2>\t\t\t\t<\/div>\n\t\t\t\t<\/div>\n\t\t\t\t<div class=\"elementor-element elementor-element-49744a4 elementor-widget elementor-widget-text-editor\" data-id=\"49744a4\" data-element_type=\"widget\" data-widget_type=\"text-editor.default\">\n\t\t\t\t<div class=\"elementor-widget-container\">\n\t\t\t\t\t\t\t\t\t<p>D\u00e5 det finns m\u00e5nga religioner och trossamfund i Sverige idag finns det olika ceremonier, som sinsemellan kan se v\u00e4ldigt olika ut och \u00e4ga rum i olika typer av lokaler. Det finns p\u00e5 en del platser \u00e4ven s\u00e4rskilda avdelningar p\u00e5 kyrkog\u00e5rden f\u00f6r olika trosinriktningar.<\/p><p><br><\/p><p><br><\/p>\t\t\t\t\t\t\t\t<\/div>\n\t\t\t\t<\/div>\n\t\t\t\t\t<\/div>\n\t\t<\/div>\n\t\t\t\t\t<\/div>\n\t\t<\/section>\n\t\t\t\t\t<\/div>\n\t\t<\/div>\n\t\t\t\t\t<\/div>\n\t\t<\/section>\n\t\t\t\t<section class=\"elementor-section elementor-top-section elementor-element elementor-element-645d16d elementor-section-boxed elementor-section-height-default elementor-section-height-default\" data-id=\"645d16d\" data-element_type=\"section\">\n\t\t\t\t\t\t<div class=\"elementor-container elementor-column-gap-default\">\n\t\t\t\t\t<div class=\"elementor-column elementor-col-100 elementor-top-column elementor-element elementor-element-393b48a\" data-id=\"393b48a\" data-element_type=\"column\">\n\t\t\t<div class=\"elementor-widget-wrap elementor-element-populated\">\n\t\t\t\t\t\t<div class=\"elementor-element elementor-element-a123abf elementor-widget__width-inherit elementor-widget elementor-widget-text-editor\" data-id=\"a123abf\" data-element_type=\"widget\" data-widget_type=\"text-editor.default\">\n\t\t\t\t<div class=\"elementor-widget-container\">\n\t\t\t\t\t\t\t\t\t<h3>Oavsett begravningsform \u00e4r det viktigt att f\u00f6ra ett gott samtal<br>om vilka \u00f6nskem\u00e5l som finns, s\u00e5 att begravningen blir ett fint minne.<\/h3>\t\t\t\t\t\t\t\t<\/div>\n\t\t\t\t<\/div>\n\t\t\t\t\t<\/div>\n\t\t<\/div>\n\t\t\t\t\t<\/div>\n\t\t<\/section>\n\t\t\t\t<\/div>\n\t\t","protected":false},"excerpt":{"rendered":"<p>Begravningsordningar Det \u00e4r viktigt att begravningen blir till ett fint och vackert minne f\u00f6r dig som anh\u00f6rig.\u00a0 Vi hj\u00e4lper dig att s\u00e5 l\u00e5ngt det \u00e4r m\u00f6jligt anordna begravningen efter de \u00f6nskem\u00e5l som finns.\u00a0 En begravning kan vara uppbyggd p\u00e5 m\u00e5nga olika s\u00e4tt,\u00a0men alla har efter att man avlidit b\u00e5de r\u00e4tt till att begravas och m\u00e5ste [&hellip;]<\/p>\n","protected":false},"author":1,"featured_media":0,"parent":0,"menu_order":0,"comment_status":"closed","ping_status":"closed","template":"elementor_header_footer","meta":{"footnotes":""},"class_list":["post-286","page","type-page","status-publish","hentry"],"_links":{"self":[{"href":"https:\/\/edinsbegravningsbyra.se\/index.php\/wp-json\/wp\/v2\/pages\/286","targetHints":{"allow":["GET"]}}],"collection":[{"href":"https:\/\/edinsbegravningsbyra.se\/index.php\/wp-json\/wp\/v2\/pages"}],"about":[{"href":"https:\/\/edinsbegravningsbyra.se\/index.php\/wp-json\/wp\/v2\/types\/page"}],"author":[{"embeddable":true,"href":"https:\/\/edinsbegravningsbyra.se\/index.php\/wp-json\/wp\/v2\/users\/1"}],"replies":[{"embeddable":true,"href":"https:\/\/edinsbegravningsbyra.se\/index.php\/wp-json\/wp\/v2\/comments?post=286"}],"version-history":[{"count":85,"href":"https:\/\/edinsbegravningsbyra.se\/index.php\/wp-json\/wp\/v2\/pages\/286\/revisions"}],"predecessor-version":[{"id":2394,"href":"https:\/\/edinsbegravningsbyra.se\/index.php\/wp-json\/wp\/v2\/pages\/286\/revisions\/2394"}],"wp:attachment":[{"href":"https:\/\/edinsbegravningsbyra.se\/index.php\/wp-json\/wp\/v2\/media?parent=286"}],"curies":[{"name":"wp","href":"https:\/\/api.w.org\/{rel}","templated":true}]}}