{"id":289,"date":"2021-02-24T17:56:12","date_gmt":"2021-02-24T16:56:12","guid":{"rendered":"http:\/\/edinsbegravningsbyra.se\/?page_id=289"},"modified":"2023-09-15T13:01:28","modified_gmt":"2023-09-15T11:01:28","slug":"blommor","status":"publish","type":"page","link":"https:\/\/edinsbegravningsbyra.se\/index.php\/blommor\/","title":{"rendered":"Blommor"},"content":{"rendered":"\t\t<div data-elementor-type=\"wp-page\" data-elementor-id=\"289\" class=\"elementor elementor-289\" data-elementor-post-type=\"page\">\n\t\t\t\t\t\t<section class=\"elementor-section elementor-top-section elementor-element elementor-element-54ecccc elementor-section-height-min-height elementor-section-content-middle elementor-section-boxed elementor-section-height-default elementor-section-items-middle\" data-id=\"54ecccc\" data-element_type=\"section\" data-settings=\"{&quot;background_background&quot;:&quot;classic&quot;}\">\n\t\t\t\t\t\t\t<div class=\"elementor-background-overlay\"><\/div>\n\t\t\t\t\t\t\t<div class=\"elementor-container elementor-column-gap-default\">\n\t\t\t\t\t<div class=\"elementor-column elementor-col-100 elementor-top-column elementor-element elementor-element-51e9850\" data-id=\"51e9850\" data-element_type=\"column\">\n\t\t\t<div class=\"elementor-widget-wrap elementor-element-populated\">\n\t\t\t\t\t\t<div class=\"elementor-element elementor-element-c33ccc2 elementor-widget elementor-widget-heading\" data-id=\"c33ccc2\" data-element_type=\"widget\" data-widget_type=\"heading.default\">\n\t\t\t\t<div class=\"elementor-widget-container\">\n\t\t\t\t\t<h1 class=\"elementor-heading-title elementor-size-default\">Blommor<\/h1>\t\t\t\t<\/div>\n\t\t\t\t<\/div>\n\t\t\t\t\t<\/div>\n\t\t<\/div>\n\t\t\t\t\t<\/div>\n\t\t<\/section>\n\t\t\t\t<section class=\"elementor-section elementor-top-section elementor-element elementor-element-3edb925 elementor-section-boxed elementor-section-height-default elementor-section-height-default\" data-id=\"3edb925\" data-element_type=\"section\">\n\t\t\t\t\t\t<div class=\"elementor-container elementor-column-gap-default\">\n\t\t\t\t\t<div class=\"elementor-column elementor-col-100 elementor-top-column elementor-element elementor-element-343ad0f\" data-id=\"343ad0f\" data-element_type=\"column\">\n\t\t\t<div class=\"elementor-widget-wrap elementor-element-populated\">\n\t\t\t\t\t\t<div class=\"elementor-element elementor-element-1ef499b elementor-widget elementor-widget-spacer\" data-id=\"1ef499b\" data-element_type=\"widget\" data-widget_type=\"spacer.default\">\n\t\t\t\t<div class=\"elementor-widget-container\">\n\t\t\t\t\t\t\t<div class=\"elementor-spacer\">\n\t\t\t<div class=\"elementor-spacer-inner\"><\/div>\n\t\t<\/div>\n\t\t\t\t\t\t<\/div>\n\t\t\t\t<\/div>\n\t\t\t\t\t<\/div>\n\t\t<\/div>\n\t\t\t\t\t<\/div>\n\t\t<\/section>\n\t\t\t\t<section class=\"elementor-section elementor-top-section elementor-element elementor-element-f85cdc9 elementor-section-boxed elementor-section-height-default elementor-section-height-default\" data-id=\"f85cdc9\" data-element_type=\"section\">\n\t\t\t\t\t\t<div class=\"elementor-container elementor-column-gap-default\">\n\t\t\t\t\t<div class=\"elementor-column elementor-col-33 elementor-top-column elementor-element elementor-element-607a3a0\" data-id=\"607a3a0\" data-element_type=\"column\">\n\t\t\t<div class=\"elementor-widget-wrap elementor-element-populated\">\n\t\t\t\t\t\t<div class=\"elementor-element elementor-element-6d24924 elementor-widget elementor-widget-image\" data-id=\"6d24924\" data-element_type=\"widget\" data-widget_type=\"image.default\">\n\t\t\t\t<div class=\"elementor-widget-container\">\n\t\t\t\t\t\t\t\t\t\t\t\t\t\t\t<img fetchpriority=\"high\" decoding=\"async\" width=\"300\" height=\"172\" src=\"https:\/\/edinsbegravningsbyra.se\/wp-content\/uploads\/2021\/03\/ros-scaled-e1615201871297-300x172.jpeg\" class=\"attachment-medium size-medium wp-image-735\" alt=\"Ros\" srcset=\"https:\/\/edinsbegravningsbyra.se\/wp-content\/uploads\/2021\/03\/ros-scaled-e1615201871297-300x172.jpeg 300w, https:\/\/edinsbegravningsbyra.se\/wp-content\/uploads\/2021\/03\/ros-scaled-e1615201871297-1024x589.jpeg 1024w, https:\/\/edinsbegravningsbyra.se\/wp-content\/uploads\/2021\/03\/ros-scaled-e1615201871297-768x441.jpeg 768w, https:\/\/edinsbegravningsbyra.se\/wp-content\/uploads\/2021\/03\/ros-scaled-e1615201871297.jpeg 1230w\" sizes=\"(max-width: 300px) 100vw, 300px\" title=\"\">\t\t\t\t\t\t\t\t\t\t\t\t\t\t\t<\/div>\n\t\t\t\t<\/div>\n\t\t\t\t\t<\/div>\n\t\t<\/div>\n\t\t\t\t<div class=\"elementor-column elementor-col-66 elementor-top-column elementor-element elementor-element-9e116cd\" data-id=\"9e116cd\" data-element_type=\"column\">\n\t\t\t<div class=\"elementor-widget-wrap elementor-element-populated\">\n\t\t\t\t\t\t<div class=\"elementor-element elementor-element-e0ac06d elementor-widget elementor-widget-text-editor\" data-id=\"e0ac06d\" data-element_type=\"widget\" data-widget_type=\"text-editor.default\">\n\t\t\t\t<div class=\"elementor-widget-container\">\n\t\t\t\t\t\t\t\t\t<p>Det \u00e4r vanligt att ha en enkel handbukett som exempelvis en r\u00f6d ros med en gr\u00f6n kvist med sig till begravningen. Denna kan sedan l\u00e4ggas p\u00e5 kistan under avskedet, oavsett om det sker inomhus eller ute vid en grav.<\/p><p>B\u00e5de handbuketter samt buketter eller kransar kan du best\u00e4lla genom oss p\u00e5 Edins Begravningsbyr\u00e5, senast n\u00e5gra dagar f\u00f6re att begravningen \u00e4ger rum. T.ex. kan man vara n\u00e5gra v\u00e4nner som tillsammans ordnar med en bukett och skriver en h\u00e4lsning p\u00e5 ett medf\u00f6ljande band eller kort.<\/p>\t\t\t\t\t\t\t\t<\/div>\n\t\t\t\t<\/div>\n\t\t\t\t\t<\/div>\n\t\t<\/div>\n\t\t\t\t\t<\/div>\n\t\t<\/section>\n\t\t\t\t<\/div>\n\t\t","protected":false},"excerpt":{"rendered":"<p>Blommor Det \u00e4r vanligt att ha en enkel handbukett som exempelvis en r\u00f6d ros med en gr\u00f6n kvist med sig till begravningen. Denna kan sedan l\u00e4ggas p\u00e5 kistan under avskedet, oavsett om det sker inomhus eller ute vid en grav. B\u00e5de handbuketter samt buketter eller kransar kan du best\u00e4lla genom oss p\u00e5 Edins Begravningsbyr\u00e5, senast [&hellip;]<\/p>\n","protected":false},"author":1,"featured_media":0,"parent":0,"menu_order":0,"comment_status":"closed","ping_status":"closed","template":"elementor_header_footer","meta":{"footnotes":""},"class_list":["post-289","page","type-page","status-publish","hentry"],"_links":{"self":[{"href":"https:\/\/edinsbegravningsbyra.se\/index.php\/wp-json\/wp\/v2\/pages\/289","targetHints":{"allow":["GET"]}}],"collection":[{"href":"https:\/\/edinsbegravningsbyra.se\/index.php\/wp-json\/wp\/v2\/pages"}],"about":[{"href":"https:\/\/edinsbegravningsbyra.se\/index.php\/wp-json\/wp\/v2\/types\/page"}],"author":[{"embeddable":true,"href":"https:\/\/edinsbegravningsbyra.se\/index.php\/wp-json\/wp\/v2\/users\/1"}],"replies":[{"embeddable":true,"href":"https:\/\/edinsbegravningsbyra.se\/index.php\/wp-json\/wp\/v2\/comments?post=289"}],"version-history":[{"count":16,"href":"https:\/\/edinsbegravningsbyra.se\/index.php\/wp-json\/wp\/v2\/pages\/289\/revisions"}],"predecessor-version":[{"id":2397,"href":"https:\/\/edinsbegravningsbyra.se\/index.php\/wp-json\/wp\/v2\/pages\/289\/revisions\/2397"}],"wp:attachment":[{"href":"https:\/\/edinsbegravningsbyra.se\/index.php\/wp-json\/wp\/v2\/media?parent=289"}],"curies":[{"name":"wp","href":"https:\/\/api.w.org\/{rel}","templated":true}]}}