{"id":331,"date":"2021-02-24T18:01:02","date_gmt":"2021-02-24T17:01:02","guid":{"rendered":"http:\/\/edinsbegravningsbyra.se\/?page_id=331"},"modified":"2021-10-16T15:08:04","modified_gmt":"2021-10-16T13:08:04","slug":"minnesstund","status":"publish","type":"page","link":"https:\/\/edinsbegravningsbyra.se\/index.php\/minnesstund\/","title":{"rendered":"Minnesstund"},"content":{"rendered":"\t\t<div data-elementor-type=\"wp-page\" data-elementor-id=\"331\" class=\"elementor elementor-331\" data-elementor-post-type=\"page\">\n\t\t\t\t\t\t<section class=\"elementor-section elementor-top-section elementor-element elementor-element-c7debaa elementor-section-boxed elementor-section-height-default elementor-section-height-default\" data-id=\"c7debaa\" data-element_type=\"section\">\n\t\t\t\t\t\t<div class=\"elementor-container elementor-column-gap-default\">\n\t\t\t\t\t<div class=\"elementor-column elementor-col-100 elementor-top-column elementor-element elementor-element-0426a43\" data-id=\"0426a43\" data-element_type=\"column\">\n\t\t\t<div class=\"elementor-widget-wrap elementor-element-populated\">\n\t\t\t\t\t\t<div class=\"elementor-element elementor-element-e901a37 elementor-widget elementor-widget-spacer\" data-id=\"e901a37\" data-element_type=\"widget\" data-widget_type=\"spacer.default\">\n\t\t\t\t<div class=\"elementor-widget-container\">\n\t\t\t\t\t\t\t<div class=\"elementor-spacer\">\n\t\t\t<div class=\"elementor-spacer-inner\"><\/div>\n\t\t<\/div>\n\t\t\t\t\t\t<\/div>\n\t\t\t\t<\/div>\n\t\t\t\t\t<\/div>\n\t\t<\/div>\n\t\t\t\t\t<\/div>\n\t\t<\/section>\n\t\t\t\t<section class=\"elementor-section elementor-top-section elementor-element elementor-element-7cfd3c2 elementor-section-boxed elementor-section-height-default elementor-section-height-default\" data-id=\"7cfd3c2\" data-element_type=\"section\">\n\t\t\t\t\t\t<div class=\"elementor-container elementor-column-gap-default\">\n\t\t\t\t\t<div class=\"elementor-column elementor-col-66 elementor-top-column elementor-element elementor-element-3284bf1\" data-id=\"3284bf1\" data-element_type=\"column\">\n\t\t\t<div class=\"elementor-widget-wrap elementor-element-populated\">\n\t\t\t\t\t\t<div class=\"elementor-element elementor-element-2316de4 elementor-widget elementor-widget-text-editor\" data-id=\"2316de4\" data-element_type=\"widget\" data-widget_type=\"text-editor.default\">\n\t\t\t\t<div class=\"elementor-widget-container\">\n\t\t\t\t\t\t\t\t\t<p>Inbjuder de anh\u00f6riga till en efterf\u00f6ljande minnesstund anm\u00e4ler du dig oftast till begravningsbyr\u00e5n, om inte anh\u00f6riga \u00f6nskar och i annonsen meddelar annat. <\/p>\n<p>Under minnesstunden, som ofta h\u00e5lls i ett n\u00e4rliggande f\u00f6rsamlingshem eller en liknande lokal, m\u00f6ts man under n\u00e5gra timmar f\u00f6r att umg\u00e5s, \u00e4ta tillsammans och p\u00e5 olika s\u00e4tt dela minnet av den avlidne.<\/p>\n<p>Oftast kan den som vill l\u00e4mna ett minnesord om den avlidne, l\u00e4sa en dikt eller sjunga en s\u00e5ng.<\/p>\t\t\t\t\t\t\t\t<\/div>\n\t\t\t\t<\/div>\n\t\t\t\t\t<\/div>\n\t\t<\/div>\n\t\t\t\t<div class=\"elementor-column elementor-col-33 elementor-top-column elementor-element elementor-element-cbf054e\" data-id=\"cbf054e\" data-element_type=\"column\">\n\t\t\t<div class=\"elementor-widget-wrap elementor-element-populated\">\n\t\t\t\t\t\t<div class=\"elementor-element elementor-element-07de2d8 elementor-widget elementor-widget-image\" data-id=\"07de2d8\" data-element_type=\"widget\" data-widget_type=\"image.default\">\n\t\t\t\t<div class=\"elementor-widget-container\">\n\t\t\t\t\t\t\t\t\t\t\t\t\t\t\t<img fetchpriority=\"high\" decoding=\"async\" width=\"800\" height=\"599\" src=\"https:\/\/edinsbegravningsbyra.se\/wp-content\/uploads\/2021\/10\/Minnesstund.png\" class=\"attachment-large size-large wp-image-1246\" alt=\"\" srcset=\"https:\/\/edinsbegravningsbyra.se\/wp-content\/uploads\/2021\/10\/Minnesstund.png 943w, https:\/\/edinsbegravningsbyra.se\/wp-content\/uploads\/2021\/10\/Minnesstund-300x225.png 300w, https:\/\/edinsbegravningsbyra.se\/wp-content\/uploads\/2021\/10\/Minnesstund-768x575.png 768w\" sizes=\"(max-width: 800px) 100vw, 800px\" title=\"\">\t\t\t\t\t\t\t\t\t\t\t\t\t\t\t<\/div>\n\t\t\t\t<\/div>\n\t\t\t\t\t<\/div>\n\t\t<\/div>\n\t\t\t\t\t<\/div>\n\t\t<\/section>\n\t\t\t\t<\/div>\n\t\t","protected":false},"excerpt":{"rendered":"<p>Inbjuder de anh\u00f6riga till en efterf\u00f6ljande minnesstund anm\u00e4ler du dig oftast till begravningsbyr\u00e5n, om inte anh\u00f6riga \u00f6nskar och i annonsen meddelar annat. Under minnesstunden, som ofta h\u00e5lls i ett n\u00e4rliggande f\u00f6rsamlingshem eller en liknande lokal, m\u00f6ts man under n\u00e5gra timmar f\u00f6r att umg\u00e5s, \u00e4ta tillsammans och p\u00e5 olika s\u00e4tt dela minnet av den avlidne. Oftast [&hellip;]<\/p>\n","protected":false},"author":1,"featured_media":0,"parent":0,"menu_order":0,"comment_status":"closed","ping_status":"closed","template":"elementor_header_footer","meta":{"footnotes":""},"class_list":["post-331","page","type-page","status-publish","hentry"],"_links":{"self":[{"href":"https:\/\/edinsbegravningsbyra.se\/index.php\/wp-json\/wp\/v2\/pages\/331","targetHints":{"allow":["GET"]}}],"collection":[{"href":"https:\/\/edinsbegravningsbyra.se\/index.php\/wp-json\/wp\/v2\/pages"}],"about":[{"href":"https:\/\/edinsbegravningsbyra.se\/index.php\/wp-json\/wp\/v2\/types\/page"}],"author":[{"embeddable":true,"href":"https:\/\/edinsbegravningsbyra.se\/index.php\/wp-json\/wp\/v2\/users\/1"}],"replies":[{"embeddable":true,"href":"https:\/\/edinsbegravningsbyra.se\/index.php\/wp-json\/wp\/v2\/comments?post=331"}],"version-history":[{"count":22,"href":"https:\/\/edinsbegravningsbyra.se\/index.php\/wp-json\/wp\/v2\/pages\/331\/revisions"}],"predecessor-version":[{"id":1249,"href":"https:\/\/edinsbegravningsbyra.se\/index.php\/wp-json\/wp\/v2\/pages\/331\/revisions\/1249"}],"wp:attachment":[{"href":"https:\/\/edinsbegravningsbyra.se\/index.php\/wp-json\/wp\/v2\/media?parent=331"}],"curies":[{"name":"wp","href":"https:\/\/api.w.org\/{rel}","templated":true}]}}