{"id":346,"date":"2021-02-24T18:02:26","date_gmt":"2021-02-24T17:02:26","guid":{"rendered":"http:\/\/edinsbegravningsbyra.se\/?page_id=346"},"modified":"2023-09-18T13:53:52","modified_gmt":"2023-09-18T11:53:52","slug":"vad-kostar-det","status":"publish","type":"page","link":"https:\/\/edinsbegravningsbyra.se\/index.php\/vad-kostar-det\/","title":{"rendered":"Vad kostar det?"},"content":{"rendered":"\t\t<div data-elementor-type=\"wp-page\" data-elementor-id=\"346\" class=\"elementor elementor-346\" data-elementor-post-type=\"page\">\n\t\t\t\t\t\t<section class=\"elementor-section elementor-top-section elementor-element elementor-element-f58ce5b elementor-section-boxed elementor-section-height-default elementor-section-height-default\" data-id=\"f58ce5b\" data-element_type=\"section\">\n\t\t\t\t\t\t<div class=\"elementor-container elementor-column-gap-default\">\n\t\t\t\t\t<div class=\"elementor-column elementor-col-100 elementor-top-column elementor-element elementor-element-b3f8ffd\" data-id=\"b3f8ffd\" data-element_type=\"column\">\n\t\t\t<div class=\"elementor-widget-wrap elementor-element-populated\">\n\t\t\t\t\t\t<div class=\"elementor-element elementor-element-a39b73c elementor-widget elementor-widget-heading\" data-id=\"a39b73c\" data-element_type=\"widget\" data-widget_type=\"heading.default\">\n\t\t\t\t<div class=\"elementor-widget-container\">\n\t\t\t\t\t<h2 class=\"elementor-heading-title elementor-size-default\">Vad kostar en begravning?<\/h2>\t\t\t\t<\/div>\n\t\t\t\t<\/div>\n\t\t\t\t<div class=\"elementor-element elementor-element-d528598 elementor-widget elementor-widget-text-editor\" data-id=\"d528598\" data-element_type=\"widget\" data-widget_type=\"text-editor.default\">\n\t\t\t\t<div class=\"elementor-widget-container\">\n\t\t\t\t\t\t\t\t\t<p>Givetvis \u00e4r det alltid viktigast att du i en sv\u00e5r situation i livet, som vid just ett d\u00f6dsfall, upplever dig trygg, lyssnad p\u00e5 och uppriktigt hj\u00e4lpt. Att ge ett gott, personligt och uppriktigt bem\u00f6tande \u00e4r helt grundl\u00e4ggande f\u00f6r Edins Begravningsbyr\u00e5 och samtidigt \u00e4r det viktigt f\u00f6r oss att en fin begravning inte per automatik m\u00e5ste vara dyr. D\u00e5 vi inte har stora lokaler eller dyra bilar att underh\u00e5lla kan vi ocks\u00e5 h\u00e5lla v\u00e5ra priser p\u00e5 en bra niv\u00e5. N\u00e4r vi samtalat om dina \u00f6nskem\u00e5l kan vi ocks\u00e5 l\u00e4mna en prisuppgift, som ger en uppskattning om vad den slutliga begravningskostnaden blir.&nbsp;<\/p><p><br><\/p><p>Be g\u00e4rna andra begravningsbyr\u00e5er i ditt omr\u00e5de om en liknande prisuppgift f\u00f6r att sj\u00e4lv j\u00e4mf\u00f6ra de kostnaderna med v\u00e5ra.<\/p>\n<p><br><\/p>\n<p>Vem betalar d\u00e5 f\u00f6r begravningen? Kostnaden betalas i f\u00f6rsta hand av d\u00f6dsboet, inte av anh\u00f6riga. Ibland finns det pengar avsatta f\u00f6r att betala en framtida begravning, medan n\u00e5gon kan ha tecknat en f\u00f6rs\u00e4kring f\u00f6r att t\u00e4cka kostnaderna. Finns det inga pengar i d\u00f6dsboet kan man ans\u00f6ka om ekonomisk hj\u00e4lp i den avlidnes hemkommun.<\/p>\n<p>Begravningsbyr\u00e5n har ett grundarvode samt priser f\u00f6r representant, transporter, med mera. Men flertalet saker p\u00e5verkar kostnaden, t.ex;<br><\/p>\n<p><br><\/p>\n<p>Hyrs det in musiker f\u00f6r att sjunga eller spela?<\/p>\n<p>Hur l\u00e5ng \u00e4r d\u00f6dsannonsen?<\/p>\n<p>\u00c4r det minnesstund med mat efter\u00e5t?<\/p>\n<p>Valet av kista.<\/p>\n<p>Valet av blommor.<\/p>\t\t\t\t\t\t\t\t<\/div>\n\t\t\t\t<\/div>\n\t\t\t\t<div class=\"elementor-element elementor-element-522c064 elementor-align-start elementor-icon-list--layout-inline elementor-list-item-link-full_width elementor-widget elementor-widget-icon-list\" data-id=\"522c064\" data-element_type=\"widget\" data-widget_type=\"icon-list.default\">\n\t\t\t\t<div class=\"elementor-widget-container\">\n\t\t\t\t\t\t\t<ul class=\"elementor-icon-list-items elementor-inline-items\">\n\t\t\t\t\t\t\t<li class=\"elementor-icon-list-item elementor-inline-item\">\n\t\t\t\t\t\t\t\t\t\t\t<span class=\"elementor-icon-list-icon\">\n\t\t\t\t\t\t\t<i aria-hidden=\"true\" class=\"fas fa-circle\"><\/i>\t\t\t\t\t\t<\/span>\n\t\t\t\t\t\t\t\t\t\t<span class=\"elementor-icon-list-text\"><font color=\"#7a7a7a\"><span>&nbsp; &nbsp; &nbsp; &nbsp; &nbsp; &nbsp; &nbsp; &nbsp;N\u00e5got annat \u00f6nskem\u00e5l?&nbsp; &nbsp;<\/span><\/font><\/span>\n\t\t\t\t\t\t\t\t\t<\/li>\n\t\t\t\t\t\t<\/ul>\n\t\t\t\t\t\t<\/div>\n\t\t\t\t<\/div>\n\t\t\t\t\t<\/div>\n\t\t<\/div>\n\t\t\t\t\t<\/div>\n\t\t<\/section>\n\t\t\t\t<section class=\"elementor-section elementor-top-section elementor-element elementor-element-5b40620 elementor-section-boxed elementor-section-height-default elementor-section-height-default\" data-id=\"5b40620\" data-element_type=\"section\">\n\t\t\t\t\t\t<div class=\"elementor-container elementor-column-gap-default\">\n\t\t\t\t\t<div class=\"elementor-column elementor-col-100 elementor-top-column elementor-element elementor-element-2ead4b1\" data-id=\"2ead4b1\" data-element_type=\"column\">\n\t\t\t<div class=\"elementor-widget-wrap elementor-element-populated\">\n\t\t\t\t\t\t\t<\/div>\n\t\t<\/div>\n\t\t\t\t\t<\/div>\n\t\t<\/section>\n\t\t\t\t<\/div>\n\t\t","protected":false},"excerpt":{"rendered":"<p>Vad kostar en begravning? Givetvis \u00e4r det alltid viktigast att du i en sv\u00e5r situation i livet, som vid just ett d\u00f6dsfall, upplever dig trygg, lyssnad p\u00e5 och uppriktigt hj\u00e4lpt. Att ge ett gott, personligt och uppriktigt bem\u00f6tande \u00e4r helt grundl\u00e4ggande f\u00f6r Edins Begravningsbyr\u00e5 och samtidigt \u00e4r det viktigt f\u00f6r oss att en fin begravning [&hellip;]<\/p>\n","protected":false},"author":1,"featured_media":0,"parent":0,"menu_order":0,"comment_status":"closed","ping_status":"closed","template":"elementor_header_footer","meta":{"footnotes":""},"class_list":["post-346","page","type-page","status-publish","hentry"],"_links":{"self":[{"href":"https:\/\/edinsbegravningsbyra.se\/index.php\/wp-json\/wp\/v2\/pages\/346","targetHints":{"allow":["GET"]}}],"collection":[{"href":"https:\/\/edinsbegravningsbyra.se\/index.php\/wp-json\/wp\/v2\/pages"}],"about":[{"href":"https:\/\/edinsbegravningsbyra.se\/index.php\/wp-json\/wp\/v2\/types\/page"}],"author":[{"embeddable":true,"href":"https:\/\/edinsbegravningsbyra.se\/index.php\/wp-json\/wp\/v2\/users\/1"}],"replies":[{"embeddable":true,"href":"https:\/\/edinsbegravningsbyra.se\/index.php\/wp-json\/wp\/v2\/comments?post=346"}],"version-history":[{"count":67,"href":"https:\/\/edinsbegravningsbyra.se\/index.php\/wp-json\/wp\/v2\/pages\/346\/revisions"}],"predecessor-version":[{"id":2519,"href":"https:\/\/edinsbegravningsbyra.se\/index.php\/wp-json\/wp\/v2\/pages\/346\/revisions\/2519"}],"wp:attachment":[{"href":"https:\/\/edinsbegravningsbyra.se\/index.php\/wp-json\/wp\/v2\/media?parent=346"}],"curies":[{"name":"wp","href":"https:\/\/api.w.org\/{rel}","templated":true}]}}