{"id":724,"date":"2021-03-08T10:37:53","date_gmt":"2021-03-08T09:37:53","guid":{"rendered":"http:\/\/edinsbegravningsbyra.se\/?page_id=724"},"modified":"2026-01-12T14:46:47","modified_gmt":"2026-01-12T13:46:47","slug":"begravningsentreprenor","status":"publish","type":"page","link":"https:\/\/edinsbegravningsbyra.se\/index.php\/begravningsentreprenor\/","title":{"rendered":"Begravningsentrepren\u00f6r"},"content":{"rendered":"\t\t<div data-elementor-type=\"wp-page\" data-elementor-id=\"724\" class=\"elementor elementor-724\" data-elementor-post-type=\"page\">\n\t\t\t\t\t\t<section class=\"elementor-section elementor-top-section elementor-element elementor-element-d6586ae elementor-section-boxed elementor-section-height-default elementor-section-height-default\" data-id=\"d6586ae\" data-element_type=\"section\">\n\t\t\t\t\t\t<div class=\"elementor-container elementor-column-gap-default\">\n\t\t\t\t\t<div class=\"elementor-column elementor-col-100 elementor-top-column elementor-element elementor-element-ecb545b\" data-id=\"ecb545b\" data-element_type=\"column\">\n\t\t\t<div class=\"elementor-widget-wrap elementor-element-populated\">\n\t\t\t\t\t\t<div class=\"elementor-element elementor-element-6d5059c elementor-widget elementor-widget-spacer\" data-id=\"6d5059c\" data-element_type=\"widget\" data-widget_type=\"spacer.default\">\n\t\t\t\t<div class=\"elementor-widget-container\">\n\t\t\t\t\t\t\t<div class=\"elementor-spacer\">\n\t\t\t<div class=\"elementor-spacer-inner\"><\/div>\n\t\t<\/div>\n\t\t\t\t\t\t<\/div>\n\t\t\t\t<\/div>\n\t\t\t\t\t<\/div>\n\t\t<\/div>\n\t\t\t\t\t<\/div>\n\t\t<\/section>\n\t\t\t\t<section class=\"elementor-section elementor-top-section elementor-element elementor-element-8fa2bb2 elementor-section-boxed elementor-section-height-default elementor-section-height-default\" data-id=\"8fa2bb2\" data-element_type=\"section\">\n\t\t\t\t\t\t<div class=\"elementor-container elementor-column-gap-default\">\n\t\t\t\t\t<div class=\"elementor-column elementor-col-100 elementor-top-column elementor-element elementor-element-6154bbc\" data-id=\"6154bbc\" data-element_type=\"column\">\n\t\t\t<div class=\"elementor-widget-wrap elementor-element-populated\">\n\t\t\t\t\t\t<div class=\"elementor-element elementor-element-497010f elementor-widget elementor-widget-spacer\" data-id=\"497010f\" data-element_type=\"widget\" data-widget_type=\"spacer.default\">\n\t\t\t\t<div class=\"elementor-widget-container\">\n\t\t\t\t\t\t\t<div class=\"elementor-spacer\">\n\t\t\t<div class=\"elementor-spacer-inner\"><\/div>\n\t\t<\/div>\n\t\t\t\t\t\t<\/div>\n\t\t\t\t<\/div>\n\t\t\t\t\t<\/div>\n\t\t<\/div>\n\t\t\t\t\t<\/div>\n\t\t<\/section>\n\t\t\t\t<section class=\"elementor-section elementor-top-section elementor-element elementor-element-884102d elementor-section-boxed elementor-section-height-default elementor-section-height-default\" data-id=\"884102d\" data-element_type=\"section\">\n\t\t\t\t\t\t<div class=\"elementor-container elementor-column-gap-default\">\n\t\t\t\t\t<div class=\"elementor-column elementor-col-50 elementor-top-column elementor-element elementor-element-5789473\" data-id=\"5789473\" data-element_type=\"column\">\n\t\t\t<div class=\"elementor-widget-wrap elementor-element-populated\">\n\t\t\t\t\t\t<div class=\"elementor-element elementor-element-cb564b5 elementor-widget elementor-widget-image\" data-id=\"cb564b5\" data-element_type=\"widget\" data-widget_type=\"image.default\">\n\t\t\t\t<div class=\"elementor-widget-container\">\n\t\t\t\t\t\t\t\t\t\t\t\t\t\t\t<img fetchpriority=\"high\" decoding=\"async\" width=\"852\" height=\"1084\" src=\"https:\/\/edinsbegravningsbyra.se\/wp-content\/uploads\/2026\/01\/Petter-augusti-2025-1.jpg\" class=\"attachment-2048x2048 size-2048x2048 wp-image-3313\" alt=\"\" srcset=\"https:\/\/edinsbegravningsbyra.se\/wp-content\/uploads\/2026\/01\/Petter-augusti-2025-1.jpg 852w, https:\/\/edinsbegravningsbyra.se\/wp-content\/uploads\/2026\/01\/Petter-augusti-2025-1-236x300.jpg 236w, https:\/\/edinsbegravningsbyra.se\/wp-content\/uploads\/2026\/01\/Petter-augusti-2025-1-805x1024.jpg 805w, https:\/\/edinsbegravningsbyra.se\/wp-content\/uploads\/2026\/01\/Petter-augusti-2025-1-768x977.jpg 768w\" sizes=\"(max-width: 852px) 100vw, 852px\" title=\"\">\t\t\t\t\t\t\t\t\t\t\t\t\t\t\t<\/div>\n\t\t\t\t<\/div>\n\t\t\t\t\t<\/div>\n\t\t<\/div>\n\t\t\t\t<div class=\"elementor-column elementor-col-50 elementor-top-column elementor-element elementor-element-406d265\" data-id=\"406d265\" data-element_type=\"column\">\n\t\t\t<div class=\"elementor-widget-wrap elementor-element-populated\">\n\t\t\t\t\t\t<div class=\"elementor-element elementor-element-f6c802a elementor-widget elementor-widget-heading\" data-id=\"f6c802a\" data-element_type=\"widget\" data-widget_type=\"heading.default\">\n\t\t\t\t<div class=\"elementor-widget-container\">\n\t\t\t\t\t<h3 class=\"elementor-heading-title elementor-size-default\">Begravningsentrepren\u00f6r<\/h3>\t\t\t\t<\/div>\n\t\t\t\t<\/div>\n\t\t\t\t<div class=\"elementor-element elementor-element-19da0e5 elementor-widget elementor-widget-text-editor\" data-id=\"19da0e5\" data-element_type=\"widget\" data-widget_type=\"text-editor.default\">\n\t\t\t\t<div class=\"elementor-widget-container\">\n\t\t\t\t\t\t\t\t\t<p><strong><em>Petter Edin<\/em><\/strong><\/p>\t\t\t\t\t\t\t\t<\/div>\n\t\t\t\t<\/div>\n\t\t\t\t<div class=\"elementor-element elementor-element-878d9ae elementor-widget elementor-widget-text-editor\" data-id=\"878d9ae\" data-element_type=\"widget\" data-widget_type=\"text-editor.default\">\n\t\t\t\t<div class=\"elementor-widget-container\">\n\t\t\t\t\t\t\t\t\t<p>Jag har under flertalet \u00e5r arbetat som begravningsr\u00e5dgivare och genomg\u00e5tt flera kurser inom ett av de st\u00f6rre begravningsf\u00f6rbunden i Sverige. I flera \u00e5r har jag \u00e4ven arbetat inom kyrka och som personlig assistent, d\u00e4r jag har m\u00f6tt m\u00e4nniskor i olika livssituationer.<\/p><p>Som begravningsentrepren\u00f6r har jag grundat och har helhetsansvaret f\u00f6r Edins Begravningsbyr\u00e5. Det\u00a0<span style=\"font-family: var( --e-global-typography-text-font-family ), Sans-serif; font-size: 1rem;\">\u00e4r mycket viktigt f\u00f6r mig att f\u00e5 hj\u00e4lpa dig som mist en k\u00e4r person att g\u00f6ra begravningen till ett ljust och fint minne, vilket innefattar att du fr\u00e5n b\u00f6rjan till slut blir m\u00f6tt med en stor respekt och lyssnad p\u00e5.\u00a0<\/span><\/p><p><span style=\"font-family: var( --e-global-typography-text-font-family ), Sans-serif; font-size: 1rem;\">Jag har ocks\u00e5 medverkat som solist p\u00e5 m\u00e5nga begravningar, fr\u00e4mst genom s\u00e5ng till eget gitarrackompanjemang och detta \u00e4r n\u00e5got jag g\u00e4rna hj\u00e4lper till med \u00e4ven fram\u00f6ver. Jag \u00e4r tillsammans med min familj sedan 2006 bosatt i Sm\u00e5landsstenar.<\/span><\/p>\t\t\t\t\t\t\t\t<\/div>\n\t\t\t\t<\/div>\n\t\t\t\t\t<\/div>\n\t\t<\/div>\n\t\t\t\t\t<\/div>\n\t\t<\/section>\n\t\t\t\t<\/div>\n\t\t","protected":false},"excerpt":{"rendered":"<p>Begravningsentrepren\u00f6r Petter Edin Jag har under flertalet \u00e5r arbetat som begravningsr\u00e5dgivare och genomg\u00e5tt flera kurser inom ett av de st\u00f6rre begravningsf\u00f6rbunden i Sverige. I flera \u00e5r har jag \u00e4ven arbetat inom kyrka och som personlig assistent, d\u00e4r jag har m\u00f6tt m\u00e4nniskor i olika livssituationer. Som begravningsentrepren\u00f6r har jag grundat och har helhetsansvaret f\u00f6r Edins Begravningsbyr\u00e5. [&hellip;]<\/p>\n","protected":false},"author":1,"featured_media":0,"parent":0,"menu_order":0,"comment_status":"closed","ping_status":"closed","template":"elementor_header_footer","meta":{"footnotes":""},"class_list":["post-724","page","type-page","status-publish","hentry"],"_links":{"self":[{"href":"https:\/\/edinsbegravningsbyra.se\/index.php\/wp-json\/wp\/v2\/pages\/724","targetHints":{"allow":["GET"]}}],"collection":[{"href":"https:\/\/edinsbegravningsbyra.se\/index.php\/wp-json\/wp\/v2\/pages"}],"about":[{"href":"https:\/\/edinsbegravningsbyra.se\/index.php\/wp-json\/wp\/v2\/types\/page"}],"author":[{"embeddable":true,"href":"https:\/\/edinsbegravningsbyra.se\/index.php\/wp-json\/wp\/v2\/users\/1"}],"replies":[{"embeddable":true,"href":"https:\/\/edinsbegravningsbyra.se\/index.php\/wp-json\/wp\/v2\/comments?post=724"}],"version-history":[{"count":67,"href":"https:\/\/edinsbegravningsbyra.se\/index.php\/wp-json\/wp\/v2\/pages\/724\/revisions"}],"predecessor-version":[{"id":3325,"href":"https:\/\/edinsbegravningsbyra.se\/index.php\/wp-json\/wp\/v2\/pages\/724\/revisions\/3325"}],"wp:attachment":[{"href":"https:\/\/edinsbegravningsbyra.se\/index.php\/wp-json\/wp\/v2\/media?parent=724"}],"curies":[{"name":"wp","href":"https:\/\/api.w.org\/{rel}","templated":true}]}}