{"id":740,"date":"2021-03-08T13:11:22","date_gmt":"2021-03-08T12:11:22","guid":{"rendered":"http:\/\/edinsbegravningsbyra.se\/?page_id=740"},"modified":"2021-03-09T21:04:36","modified_gmt":"2021-03-09T20:04:36","slug":"minnesgava","status":"publish","type":"page","link":"https:\/\/edinsbegravningsbyra.se\/index.php\/minnesgava\/","title":{"rendered":"Minnesg\u00e5va"},"content":{"rendered":"\t\t<div data-elementor-type=\"wp-page\" data-elementor-id=\"740\" class=\"elementor elementor-740\" data-elementor-post-type=\"page\">\n\t\t\t\t\t\t<section class=\"elementor-section elementor-top-section elementor-element elementor-element-54ecccc elementor-section-height-min-height elementor-section-content-middle elementor-section-boxed elementor-section-height-default elementor-section-items-middle\" data-id=\"54ecccc\" data-element_type=\"section\" data-settings=\"{&quot;background_background&quot;:&quot;classic&quot;}\">\n\t\t\t\t\t\t\t<div class=\"elementor-background-overlay\"><\/div>\n\t\t\t\t\t\t\t<div class=\"elementor-container elementor-column-gap-default\">\n\t\t\t\t\t<div class=\"elementor-column elementor-col-100 elementor-top-column elementor-element elementor-element-51e9850\" data-id=\"51e9850\" data-element_type=\"column\">\n\t\t\t<div class=\"elementor-widget-wrap elementor-element-populated\">\n\t\t\t\t\t\t<div class=\"elementor-element elementor-element-c33ccc2 elementor-widget elementor-widget-heading\" data-id=\"c33ccc2\" data-element_type=\"widget\" data-widget_type=\"heading.default\">\n\t\t\t\t<div class=\"elementor-widget-container\">\n\t\t\t\t\t<h3 class=\"elementor-heading-title elementor-size-medium\">Minnesg\u00e5vor<\/h3>\t\t\t\t<\/div>\n\t\t\t\t<\/div>\n\t\t\t\t\t<\/div>\n\t\t<\/div>\n\t\t\t\t\t<\/div>\n\t\t<\/section>\n\t\t\t\t<section class=\"elementor-section elementor-top-section elementor-element elementor-element-3edb925 elementor-section-boxed elementor-section-height-default elementor-section-height-default\" data-id=\"3edb925\" data-element_type=\"section\">\n\t\t\t\t\t\t<div class=\"elementor-container elementor-column-gap-default\">\n\t\t\t\t\t<div class=\"elementor-column elementor-col-100 elementor-top-column elementor-element elementor-element-343ad0f\" data-id=\"343ad0f\" data-element_type=\"column\">\n\t\t\t<div class=\"elementor-widget-wrap elementor-element-populated\">\n\t\t\t\t\t\t<div class=\"elementor-element elementor-element-1ef499b elementor-widget elementor-widget-spacer\" data-id=\"1ef499b\" data-element_type=\"widget\" data-widget_type=\"spacer.default\">\n\t\t\t\t<div class=\"elementor-widget-container\">\n\t\t\t\t\t\t\t<div class=\"elementor-spacer\">\n\t\t\t<div class=\"elementor-spacer-inner\"><\/div>\n\t\t<\/div>\n\t\t\t\t\t\t<\/div>\n\t\t\t\t<\/div>\n\t\t\t\t\t<\/div>\n\t\t<\/div>\n\t\t\t\t\t<\/div>\n\t\t<\/section>\n\t\t\t\t<section class=\"elementor-section elementor-top-section elementor-element elementor-element-f85cdc9 elementor-section-boxed elementor-section-height-default elementor-section-height-default\" data-id=\"f85cdc9\" data-element_type=\"section\">\n\t\t\t\t\t\t<div class=\"elementor-container elementor-column-gap-default\">\n\t\t\t\t\t<div class=\"elementor-column elementor-col-33 elementor-top-column elementor-element elementor-element-607a3a0\" data-id=\"607a3a0\" data-element_type=\"column\">\n\t\t\t<div class=\"elementor-widget-wrap elementor-element-populated\">\n\t\t\t\t\t\t<div class=\"elementor-element elementor-element-6d24924 elementor-widget elementor-widget-image\" data-id=\"6d24924\" data-element_type=\"widget\" data-widget_type=\"image.default\">\n\t\t\t\t<div class=\"elementor-widget-container\">\n\t\t\t\t\t\t\t\t\t\t\t\t\t\t\t<img fetchpriority=\"high\" decoding=\"async\" width=\"212\" height=\"300\" src=\"https:\/\/edinsbegravningsbyra.se\/wp-content\/uploads\/2021\/03\/minneskort-212x300.png\" class=\"attachment-medium size-medium wp-image-766\" alt=\"Minneskort\" srcset=\"https:\/\/edinsbegravningsbyra.se\/wp-content\/uploads\/2021\/03\/minneskort-212x300.png 212w, https:\/\/edinsbegravningsbyra.se\/wp-content\/uploads\/2021\/03\/minneskort.png 250w\" sizes=\"(max-width: 212px) 100vw, 212px\" title=\"\">\t\t\t\t\t\t\t\t\t\t\t\t\t\t\t<\/div>\n\t\t\t\t<\/div>\n\t\t\t\t\t<\/div>\n\t\t<\/div>\n\t\t\t\t<div class=\"elementor-column elementor-col-66 elementor-top-column elementor-element elementor-element-9e116cd\" data-id=\"9e116cd\" data-element_type=\"column\">\n\t\t\t<div class=\"elementor-widget-wrap elementor-element-populated\">\n\t\t\t\t\t\t<div class=\"elementor-element elementor-element-e0ac06d elementor-widget elementor-widget-text-editor\" data-id=\"e0ac06d\" data-element_type=\"widget\" data-widget_type=\"text-editor.default\">\n\t\t\t\t<div class=\"elementor-widget-container\">\n\t\t\t\t\t\t\t\t\t<p>Ofta \u00f6nskar anh\u00f6riga att man i samband med en n\u00e4r och k\u00e4rs bortg\u00e5ng f\u00f6rmedlar en minnesg\u00e5va till ett s\u00e4rskilt \u00e4ndam\u00e5l. Ofta har detta en n\u00e4ra koppling till den avlidne och det \u00e4r i regel ett mycket uppskattat s\u00e4tt att hedra minnet av den som avlidit.<\/p>\n<p>Man kan g\u00e5 tillv\u00e4ga p\u00e5 olika s\u00e4tt n\u00e4r man ger en minnesg\u00e5va. Antingen ger du den direkt h\u00e4r p\u00e5 hemsidan genom att klicka p\u00e5 den d\u00f6dsannons det g\u00e4ller. Du kan ocks\u00e5 bes\u00f6ka fondens hemsida och d\u00e4r f\u00e5 ett plus-\/bankgironummer eller Swishnummer och s\u00e4tta in pengar. Vi hanterar inga kontanta g\u00e5vor p\u00e5 begravningsbyr\u00e5n.<\/p>\n<p>OBS! Viktigt n\u00e4r du s\u00e4tter in din g\u00e5va \u00e4r att du anger:<\/p>\n<p>1. Vems minne du hedrar<\/p>\n<p>2. Vem\/vilka du\/ni \u00e4r som s\u00e4tter in g\u00e5van.<\/p>\n<p>Ex. \u201dTill Josef Josefssons minne &#8211; Person 1 och 2\u201d.<\/p>\t\t\t\t\t\t\t\t<\/div>\n\t\t\t\t<\/div>\n\t\t\t\t\t<\/div>\n\t\t<\/div>\n\t\t\t\t\t<\/div>\n\t\t<\/section>\n\t\t\t\t<\/div>\n\t\t","protected":false},"excerpt":{"rendered":"<p>Minnesg\u00e5vor Ofta \u00f6nskar anh\u00f6riga att man i samband med en n\u00e4r och k\u00e4rs bortg\u00e5ng f\u00f6rmedlar en minnesg\u00e5va till ett s\u00e4rskilt \u00e4ndam\u00e5l. Ofta har detta en n\u00e4ra koppling till den avlidne och det \u00e4r i regel ett mycket uppskattat s\u00e4tt att hedra minnet av den som avlidit. Man kan g\u00e5 tillv\u00e4ga p\u00e5 olika s\u00e4tt n\u00e4r man [&hellip;]<\/p>\n","protected":false},"author":1,"featured_media":0,"parent":0,"menu_order":0,"comment_status":"closed","ping_status":"closed","template":"elementor_header_footer","meta":{"footnotes":""},"class_list":["post-740","page","type-page","status-publish","hentry"],"_links":{"self":[{"href":"https:\/\/edinsbegravningsbyra.se\/index.php\/wp-json\/wp\/v2\/pages\/740","targetHints":{"allow":["GET"]}}],"collection":[{"href":"https:\/\/edinsbegravningsbyra.se\/index.php\/wp-json\/wp\/v2\/pages"}],"about":[{"href":"https:\/\/edinsbegravningsbyra.se\/index.php\/wp-json\/wp\/v2\/types\/page"}],"author":[{"embeddable":true,"href":"https:\/\/edinsbegravningsbyra.se\/index.php\/wp-json\/wp\/v2\/users\/1"}],"replies":[{"embeddable":true,"href":"https:\/\/edinsbegravningsbyra.se\/index.php\/wp-json\/wp\/v2\/comments?post=740"}],"version-history":[{"count":24,"href":"https:\/\/edinsbegravningsbyra.se\/index.php\/wp-json\/wp\/v2\/pages\/740\/revisions"}],"predecessor-version":[{"id":917,"href":"https:\/\/edinsbegravningsbyra.se\/index.php\/wp-json\/wp\/v2\/pages\/740\/revisions\/917"}],"wp:attachment":[{"href":"https:\/\/edinsbegravningsbyra.se\/index.php\/wp-json\/wp\/v2\/media?parent=740"}],"curies":[{"name":"wp","href":"https:\/\/api.w.org\/{rel}","templated":true}]}}