{"id":770,"date":"2021-03-08T14:15:55","date_gmt":"2021-03-08T13:15:55","guid":{"rendered":"http:\/\/edinsbegravningsbyra.se\/?page_id=770"},"modified":"2024-06-24T11:00:07","modified_gmt":"2024-06-24T09:00:07","slug":"kladsel-2","status":"publish","type":"page","link":"https:\/\/edinsbegravningsbyra.se\/index.php\/kladsel-2\/","title":{"rendered":"Kl\u00e4dsel"},"content":{"rendered":"\t\t<div data-elementor-type=\"wp-page\" data-elementor-id=\"770\" class=\"elementor elementor-770\" data-elementor-post-type=\"page\">\n\t\t\t\t\t\t<section class=\"elementor-section elementor-top-section elementor-element elementor-element-54ecccc elementor-section-height-min-height elementor-section-content-middle elementor-section-boxed elementor-section-height-default elementor-section-items-middle\" data-id=\"54ecccc\" data-element_type=\"section\" data-settings=\"{&quot;background_background&quot;:&quot;classic&quot;}\">\n\t\t\t\t\t\t\t<div class=\"elementor-background-overlay\"><\/div>\n\t\t\t\t\t\t\t<div class=\"elementor-container elementor-column-gap-default\">\n\t\t\t\t\t<div class=\"elementor-column elementor-col-100 elementor-top-column elementor-element elementor-element-51e9850\" data-id=\"51e9850\" data-element_type=\"column\">\n\t\t\t<div class=\"elementor-widget-wrap elementor-element-populated\">\n\t\t\t\t\t\t<div class=\"elementor-element elementor-element-c33ccc2 elementor-widget elementor-widget-heading\" data-id=\"c33ccc2\" data-element_type=\"widget\" data-widget_type=\"heading.default\">\n\t\t\t\t<div class=\"elementor-widget-container\">\n\t\t\t\t\t<h3 class=\"elementor-heading-title elementor-size-default\">Kl\u00e4dsel,\nankomst och placering<\/h3>\t\t\t\t<\/div>\n\t\t\t\t<\/div>\n\t\t\t\t\t<\/div>\n\t\t<\/div>\n\t\t\t\t\t<\/div>\n\t\t<\/section>\n\t\t\t\t<section class=\"elementor-section elementor-top-section elementor-element elementor-element-3edb925 elementor-section-boxed elementor-section-height-default elementor-section-height-default\" data-id=\"3edb925\" data-element_type=\"section\">\n\t\t\t\t\t\t<div class=\"elementor-container elementor-column-gap-default\">\n\t\t\t\t\t<div class=\"elementor-column elementor-col-100 elementor-top-column elementor-element elementor-element-343ad0f\" data-id=\"343ad0f\" data-element_type=\"column\">\n\t\t\t<div class=\"elementor-widget-wrap elementor-element-populated\">\n\t\t\t\t\t\t<div class=\"elementor-element elementor-element-1ef499b elementor-widget elementor-widget-spacer\" data-id=\"1ef499b\" data-element_type=\"widget\" data-widget_type=\"spacer.default\">\n\t\t\t\t<div class=\"elementor-widget-container\">\n\t\t\t\t\t\t\t<div class=\"elementor-spacer\">\n\t\t\t<div class=\"elementor-spacer-inner\"><\/div>\n\t\t<\/div>\n\t\t\t\t\t\t<\/div>\n\t\t\t\t<\/div>\n\t\t\t\t\t<\/div>\n\t\t<\/div>\n\t\t\t\t\t<\/div>\n\t\t<\/section>\n\t\t\t\t<section class=\"elementor-section elementor-top-section elementor-element elementor-element-f85cdc9 elementor-section-boxed elementor-section-height-default elementor-section-height-default\" data-id=\"f85cdc9\" data-element_type=\"section\">\n\t\t\t\t\t\t<div class=\"elementor-container elementor-column-gap-default\">\n\t\t\t\t\t<div class=\"elementor-column elementor-col-100 elementor-top-column elementor-element elementor-element-9e116cd\" data-id=\"9e116cd\" data-element_type=\"column\">\n\t\t\t<div class=\"elementor-widget-wrap elementor-element-populated\">\n\t\t\t\t\t\t<div class=\"elementor-element elementor-element-e0ac06d elementor-widget elementor-widget-text-editor\" data-id=\"e0ac06d\" data-element_type=\"widget\" data-widget_type=\"text-editor.default\">\n\t\t\t\t<div class=\"elementor-widget-container\">\n\t\t\t\t\t\t\t\t\t<p>Hur formellt man b\u00f6r kl\u00e4 sig f\u00f6r en begravning varierar.&nbsp;<\/p>\n<p>St\u00e5r det inga s\u00e4rskilda \u00f6nskem\u00e5l i d\u00f6dsannonsen kan man kl\u00e4 sig i n\u00e5got man tror att den avlidne skulle uppskattat. Men som exempel har m\u00e4n ofta svart eller m\u00f6rkgr\u00e5 kostym och svart slips. Kvinnor kan ha svart eller m\u00f6rk kl\u00e4nning.&nbsp;<\/p>\n<p><br><\/p>\n<p>Det \u00e4r bra att komma i god tid till begravningen, s\u00e4rskilt om det ber\u00e4knas komma m\u00e5nga deltagande. Kom g\u00e4rna 20-30 minuter f\u00f6re att det b\u00f6rjar och om det \u00e4r en st\u00f6rre begravning, kom g\u00e4rna 30-40 minuter f\u00f6re.<\/p>\n<p><br><\/p>\n<p>Du som \u00e4r anh\u00f6rig; kom g\u00e4rna cirka 45 minuter f\u00f6re att begravningen b\u00f6rjar. Du f\u00e5r d\u00e5 i regel m\u00f6jlighet att lite mer avskilt &#8221;k\u00e4nna in&#8221; rummet, g\u00e5 fram en stund till kistan (eller i f\u00f6rekommande fall urnan) och titta p\u00e5 blommor som kommit. Finns det mindre barn med eller om det blir en begravning med m\u00e5nga deltagande, kom g\u00e4rna cirka 1 timme i f\u00f6rv\u00e4g.<\/p>\n<p>Barn kan ocks\u00e5 g\u00e4rna f\u00e5 rita en teckning och ta med sig, som kan l\u00e4ggas p\u00e5 eller i n\u00e4rheten av kistan eller urnan. Barns sorg \u00e4r inte mindre \u00e4n vuxnas, den ser bara lite annorlunda ut, och att f\u00e5 g\u00f6ra en s\u00e5dan handling kan vara betydelsefullt f\u00f6r ett barn.&nbsp;<\/p>\n<p><br><\/p>\n<p>V\u00e5r representant p\u00e5 plats kommer att visa dig vilken sida du \u00e4r v\u00e4lkommen att sitta p\u00e5, i vissa fall \u00e4ven en s\u00e4rskild b\u00e4nk.<\/p>\t\t\t\t\t\t\t\t<\/div>\n\t\t\t\t<\/div>\n\t\t\t\t\t<\/div>\n\t\t<\/div>\n\t\t\t\t\t<\/div>\n\t\t<\/section>\n\t\t\t\t<\/div>\n\t\t","protected":false},"excerpt":{"rendered":"<p>Kl\u00e4dsel, ankomst och placering Hur formellt man b\u00f6r kl\u00e4 sig f\u00f6r en begravning varierar.&nbsp; St\u00e5r det inga s\u00e4rskilda \u00f6nskem\u00e5l i d\u00f6dsannonsen kan man kl\u00e4 sig i n\u00e5got man tror att den avlidne skulle uppskattat. Men som exempel har m\u00e4n ofta svart eller m\u00f6rkgr\u00e5 kostym och svart slips. Kvinnor kan ha svart eller m\u00f6rk kl\u00e4nning.&nbsp; Det [&hellip;]<\/p>\n","protected":false},"author":1,"featured_media":0,"parent":0,"menu_order":0,"comment_status":"closed","ping_status":"closed","template":"elementor_header_footer","meta":{"footnotes":""},"class_list":["post-770","page","type-page","status-publish","hentry"],"_links":{"self":[{"href":"https:\/\/edinsbegravningsbyra.se\/index.php\/wp-json\/wp\/v2\/pages\/770","targetHints":{"allow":["GET"]}}],"collection":[{"href":"https:\/\/edinsbegravningsbyra.se\/index.php\/wp-json\/wp\/v2\/pages"}],"about":[{"href":"https:\/\/edinsbegravningsbyra.se\/index.php\/wp-json\/wp\/v2\/types\/page"}],"author":[{"embeddable":true,"href":"https:\/\/edinsbegravningsbyra.se\/index.php\/wp-json\/wp\/v2\/users\/1"}],"replies":[{"embeddable":true,"href":"https:\/\/edinsbegravningsbyra.se\/index.php\/wp-json\/wp\/v2\/comments?post=770"}],"version-history":[{"count":43,"href":"https:\/\/edinsbegravningsbyra.se\/index.php\/wp-json\/wp\/v2\/pages\/770\/revisions"}],"predecessor-version":[{"id":3027,"href":"https:\/\/edinsbegravningsbyra.se\/index.php\/wp-json\/wp\/v2\/pages\/770\/revisions\/3027"}],"wp:attachment":[{"href":"https:\/\/edinsbegravningsbyra.se\/index.php\/wp-json\/wp\/v2\/media?parent=770"}],"curies":[{"name":"wp","href":"https:\/\/api.w.org\/{rel}","templated":true}]}}